vided by (3*-1)/(18/(-60)).
8
Let p = 287 - 257. Calculate the remainder when 178 is divided by p.
28
Suppose -6*i - 14*i + 2920 = 0. Calculate the remainder when i is divided by 54.
38
Let a(y) = -y**3 - 4*y**2 + 8*y + 5. Let v be a(-5). Let r(f) = 2*f + 4. Calculate the remainder when v/(-15) - 255/(-9) is divided by r(3).
9
Let y(r) = r**2 + 9*r + 32. Calculate the remainder when 54 is divided by y(-6).
12
Let k = 27 + 56. Let n = -61 + k. What is the remainder when 86 is divided by n?
20
Let q(a) be the second derivative of a**4/4 + a**3 + 5*a**2 - 21*a. Calculate the remainder when 94 is divided by q(-3).
18
Suppose 0*k = -k + 25. Suppose -k = -3*g + 2. Let v(i) = -55*i - 1296. Calculate the remainder when v(-24) is divided by g.
6
Let a(x) = 20*x - 53. Calculate the remainder when a(7) is divided by 3.
0
Let n = -218 + 349. What is the remainder when n is divided by 22?
21
Let j be 0/(-4) - -4 - -39. Let x = j + -84. Let s = -26 - x. What is the remainder when s is divided by 9?
6
Let w be ((-4)/(-2))/((-20)/(-1310)). Suppose 0 = -5*x - 4*k + 79, 5*x - 2*k = -28 + w. Calculate the remainder when 54 is divided by x.
16
Let l(f) be the second derivative of f**4/6 + 2*f**3 + 4*f**2 + 22*f. Calculate the remainder when l(-9) is divided by 16.
14
Suppose y - 35 = -0*k - 2*k, 0 = 5*y - 3*k - 136. What is the remainder when 99 is divided by y?
12
Let s(z) = -z**2 - 5*z. Let t be s(-5). Suppose t = 2*g + g. Suppose -l + 1 + 10 = g. Calculate the remainder when 31 is divided by l.
9
Suppose q + 6*n + 6 = 4*n, -2*n - 6 = -3*q. Suppose -5*s + q*f + f = -9, 9 = s - 2*f. Let g(r) = 3*r**2 - r. Calculate the remainder when g(1) is divided by s.
0
Let a = 251 - 233. Calculate the remainder when 80 is divided by a.
8
Suppose -4*f + 101 = 37. Let l = 19 - f. Suppose r + l*j - 16 = 0, -5*r = j + j - 145. What is the remainder when r is divided by 8?
7
Let c be (-2 + 2)/(-3) + 2. Let i = -1 - c. What is the remainder when 38 is divided by ((-39)/(-12))/(i/(-12))?
12
Let c = 45 - -96. Let i = c - 111. What is the remainder when i is divided by 10?
0
Let u(x) = 34*x - 850. Calculate the remainder when 126 is divided by u(27).
58
Suppose -4*y - 27 = -y. Let d = -27 - -46. Let a = d + y. Calculate the remainder when 28 is divided by a.
8
Let x(q) = 2*q - 1. Let j be 2/(3*(-6)/(-27)). Calculate the remainder when 18 is divided by x(j).
3
Let h = 1792 - 1397. What is the remainder when h is divided by 21?
17
Let y(b) = 3*b**3 - 5*b**2 + 4*b + 4. What is the remainder when y(2) is divided by 11?
5
Let n be (1 - (-6)/(-9))/((-3)/45). Let x(s) = -4*s - 8 + 0*s - s. Calculate the remainder when 31 is divided by x(n).
14
Suppose 4*m - 20 = 0, -5*m + 2*m = 2*l - 131. Calculate the remainder when 111 is divided by l.
53
Suppose 0 = -2*k - 3*i - 15, -4*k + 6*k + 9 = -i. Let v = k + 13. Calculate the remainder when 8/(-28) - (-268)/7 is divided by v.
8
Let s = -37 - -63. Let a = -16 + s. Calculate the remainder when 29 is divided by a.
9
Let v(q) = q**2 - 15*q + 41. Let t = 50 + -37. What is the remainder when 86 is divided by v(t)?
11
Suppose -2*x = -2*w - 1328, -4*w = x - 145 - 509. Calculate the remainder when x is divided by 13.
12
Let w(q) = -29*q + 364. What is the remainder when 288 is divided by w(9)?
82
Let m be 2 + (-2)/(-4) - 8/(-16). Let b be 2/(-4) - (-11)/2. Suppose -5*k + m*h + 50 = 0, b*h + 10 + 17 = 4*k. Calculate the remainder when 37 is divided by k.
11
Let o = 263 - 125. Let h = -63 + o. Calculate the remainder when h is divided by 16.
11
Let p(l) = -12*l**3 + l**2 - l - 1. Let y = 39 + -15. What is the remainder when 1216/y + (-2)/(-6) is divided by p(-1)?
12
Suppose 0 = 4*l + 8 + 4. Let d(f) = f**2 - 2*f - 4. What is the remainder when (7 - (-4)/((-20)/15)) + 71 is divided by d(l)?
9
Suppose 2007*v = 2005*v + 48. What is the remainder when v is divided by 16?
8
Let z = 31 - 25. Suppose -p - 3*c = -2, -5*c + c = 3*p - z. What is the remainder when 6 is divided by p?
0
Let j(d) = d**3 - 3*d**2 + 2*d - 2. Suppose -4*f - 2*r + r = -50, -4*f - 4*r = -56. Calculate the remainder when j(4) is divided by f.
10
Suppose 4 + 11 = 3*j. Suppose -3*g + 343 = j*r, -g = -0*r - 4*r + 271. Calculate the remainder when r is divided by 44/2 + 14/14.
22
Suppose 0 = -481*d + 467*d + 350. Let k = 42 - 28. What is the remainder when d is divided by k?
11
Suppose 76 = -7*z + 601. Suppose 0 = 5*y - 5 - z. What is the remainder when y is divided by 3?
1
Suppose 42 = -114*y + 116*y. Calculate the remainder when 34 is divided by y.
13
Let o be (-12)/2*(-6)/4. Suppose 18*k + 20 = -16. Calculate the remainder when (o/(-15))/(k/10) is divided by 1.
0
Suppose -4088 + 868 = -20*z. Calculate the remainder when 478 is divided by z.
156
Suppose 2*b - u = 74, -3*b + 111 = -0*u + 4*u. Suppose 2*t - b - 33 = 0. Calculate the remainder when t is divided by 335/25 + 2/(-5).
9
Let u(i) = -7*i - 38. Calculate the remainder when 106 is divided by u(-10).
10
Suppose 3*g + a = 173, 4*g - 5*a + 3 = 202. Suppose 4*d + g = 4*l, -5*l + 3*d + 10 = -56. What is the remainder when 17 is divided by l?
5
Let r(s) = -7 - 7 - 6 - 3*s. Calculate the remainder when 49 is divided by r(-11).
10
Suppose 37 + 21 = x. What is the remainder when x is divided by 10?
8
Let a(t) = t**2 + 11*t + 15. Let y be a(-10). Let h(g) = -y - g + 2 + 9. What is the remainder when 21 is divided by h(-5)?
10
Suppose -2*l - 34*l + 684 = 0. Calculate the remainder when 77 is divided by l.
1
Calculate the remainder when 14/18 + -1 - 10464/(-432) is divided by 12.
0
Suppose -2*l - 2*l - 72 = 0. Let x be (-4)/24 + (-57)/l. Suppose x*i - 92 = i. Calculate the remainder when i is divided by 16.
14
Let q(g) = g**3 - 7*g**2. Let s be q(7). Suppose s*h + h - 10 = 0. Let d = h - -1. What is the remainder when 43 is divided by d?
10
Let y = 1085 - 1064. Calculate the remainder when 376 is divided by y.
19
Suppose -2*m = 3*m - 175. Let p = -102 - -239. What is the remainder when p is divided by m?
32
Let j = -16602 - -16615. Suppose r = 4*z + 1 - 17, 3*r + 3 = 3*z. Suppose 2*a + a - 20 = -r*c, 4*c + a - 20 = 0. What is the remainder when j is divided by c?
3
Let g(t) = 0*t**2 - 6 + 11*t - t**2 - 3 - 2. Let f be g(10). Let w(m) = 2*m**2 - 2*m - 1. Calculate the remainder when 10 is divided by w(f).
1
Suppose 4*q = -3*h + 12 + 8, -q + 5 = -2*h. Suppose -q*y + 8 + 12 = 0. What is the remainder when 17 is divided by 216/22 - y/(-22)?
7
Let h = -227 + 298. Calculate the remainder when 153 is divided by h.
11
Let u(n) = n - 8*n + 12 + 3*n + 2*n. Calculate the remainder when (-3)/(-2)*86/3 is divided by u(-5).
21
Suppose -56 = -2*q - 2*o, 3*o = 2*q + 2*o - 50. Let s(j) = 3*j - 31. Calculate the remainder when s(26) is divided by q.
21
Let p = -45 - -52. Suppose 3*r + 6 + 27 = 0. Calculate the remainder when (-145)/r - (-4)/(-22) is divided by p.
6
Let x(j) = j**3 - 8*j**2 + 13*j - 11. What is the remainder when 196 is divided by x(7)?
10
Let g = 41105 - 41084. What is the remainder when (-4)/(-2)*50/4 is divided by g?
4
Suppose -m + 0*k + k = 463, m + 2*k + 460 = 0. Let a = 664 + m. Calculate the remainder when a is divided by 29.
28
Suppose -11 = j + 3*t - 41, 40 = 2*j + 2*t. Let p(l) = 6*l - 30. Let y be p(5). Suppose 9*v - 2*v - 56 = y. Calculate the remainder when j is divided by v.
7
Let l = 64 - 0. What is the remainder when l is divided by 22?
20
Let y = -35 + 55. Calculate the remainder when (y/(-25))/((-3)/495) is divided by 67.
65
Let k = -32 + 38. Suppose l = -0 + k. Calculate the remainder when 46 is divided by l.
4
Let v(f) = -f**2 - 20*f - 59. Calculate the remainder when 359 is divided by v(-9).
39
Suppose -20 = 3*f + y, 2 + 18 = -2*f - 4*y. Let n(q) = -4*q - 9. Calculate the remainder when (-200)/(-7) - (5 - (-3 + (-413)/(-49))) is divided by n(f).
14
Let m = 16 + -7. Let z = m + -7. Suppose 0 = -z*r - 3 + 23. What is the remainder when 17 is divided by r?
7
What is the remainder when ((-10)/3)/((-4)/66) is divided by (408/(-32))/(-1) - 50/(-40)?
13
Let o(h) = 5*h**2 - h - 1. Let d be o(-1). Suppose 0 = -d*k + 94 + 16. Calculate the remainder when 86 is divided by k.
20
Let d(n) = n**3 + 7*n**2 + 20*n + 268. Calculate the remainder when 83 - 1*0/1 is divided by d(-8).
39
Calculate the remainder when 6231/33 + (-22)/(-121) is divi